the units digit of 102298?
8
What is the tens digit of 358?
5
What is the tens digit of 872?
7
What is the hundreds digit of 107?
1
What is the ten thousands digit of 18874?
1
What is the tens digit of 975?
7
What is the units digit of 1393?
3
What is the ten thousands digit of 31164?
3
What is the tens digit of 517?
1
What is the hundreds digit of 1836?
8
What is the tens digit of 35153?
5
What is the tens digit of 746?
4
What is the units digit of 4934?
4
What is the hundreds digit of 4119?
1
What is the units digit of 1038?
8
What is the thousands digit of 46128?
6
What is the hundreds digit of 9918?
9
What is the tens digit of 4796?
9
What is the hundreds digit of 219?
2
What is the ten thousands digit of 45626?
4
What is the units digit of 73777?
7
What is the thousands digit of 1459?
1
What is the units digit of 50353?
3
What is the thousands digit of 34251?
4
What is the units digit of 1157?
7
What is the thousands digit of 55987?
5
What is the hundreds digit of 718?
7
What is the units digit of 139?
9
What is the thousands digit of 35713?
5
What is the tens digit of 6741?
4
What is the units digit of 77796?
6
What is the thousands digit of 5560?
5
What is the thousands digit of 21448?
1
What is the thousands digit of 6045?
6
What is the hundreds digit of 1883?
8
What is the hundreds digit of 1424?
4
What is the units digit of 38?
8
What is the hundreds digit of 111?
1
What is the hundreds digit of 7064?
0
What is the tens digit of 16743?
4
What is the hundreds digit of 5632?
6
What is the tens digit of 877?
7
What is the thousands digit of 7808?
7
What is the units digit of 534?
4
What is the tens digit of 897?
9
What is the tens digit of 514?
1
What is the thousands digit of 25717?
5
What is the ten thousands digit of 10209?
1
What is the thousands digit of 8574?
8
What is the hundreds digit of 8890?
8
What is the tens digit of 102720?
2
What is the hundreds digit of 17930?
9
What is the hundreds digit of 7058?
0
What is the tens digit of 65916?
1
What is the units digit of 12229?
9
What is the ten thousands digit of 24110?
2
What is the thousands digit of 26758?
6
What is the tens digit of 4190?
9
What is the units digit of 115390?
0
What is the hundreds digit of 126679?
6
What is the tens digit of 798?
9
What is the tens digit of 28677?
7
What is the hundreds digit of 16131?
1
What is the thousands digit of 70234?
0
What is the units digit of 607?
7
What is the units digit of 811?
1
What is the thousands digit of 51273?
1
What is the tens digit of 31442?
4
What is the thousands digit of 68352?
8
What is the tens digit of 2618?
1
What is the tens digit of 1428?
2
What is the units digit of 479?
9
What is the tens digit of 8368?
6
What is the units digit of 10462?
2
What is the tens digit of 101390?
9
What is the ten thousands digit of 24894?
2
What is the units digit of 21301?
1
What is the tens digit of 109104?
0
What is the hundreds digit of 127553?
5
What is the tens digit of 1446?
4
What is the thousands digit of 87710?
7
What is the hundreds digit of 19008?
0
What is the ten thousands digit of 109419?
0
What is the tens digit of 1164?
6
What is the tens digit of 1946?
4
What is the hundreds digit of 829?
8
What is the thousands digit of 5269?
5
What is the tens digit of 3250?
5
What is the hundreds digit of 53090?
0
What is the hundreds digit of 6942?
9
What is the tens digit of 1841?
4
What is the thousands digit of 7150?
7
What is the thousands digit of 118330?
8
What is the tens digit of 31692?
9
What is the hundreds digit of 9447?
4
What is the hundreds digit of 7173?
1
What is the hundreds digit of 583?
5
What is the tens digit of 10239?
3
What is the ten thousands digit of 80485?
8
What is the tens digit of 2243?
4
What is the units digit of 15376?
6
What is the thousands digit of 16087?
6
What is the thousands digit of 92678?
2
What is the thousands digit of 9770?
9
What is the thousands digit of 2946?
2
What is the hundred thousands digit of 177627?
1
What is the thousands digit of 1165?
1
What is the tens digit of 5643?
4
What is the units digit of 6882?
2
What is the units digit of 106425?
5
What is the thousands digit of 1892?
1
What is the units digit of 227?
7
What is the thousands digit of 2294?
2
What is the thousands digit of 1814?
1
What is the units digit of 410?
0
What is the thousands digit of 55626?
5
What is the thousands digit of 3955?
3
What is the thousands digit of 1530?
1
What is the thousands digit of 84125?
4
What is the thousands digit of 2310?
2
What is the tens digit of 881?
8
What is the thousands digit of 1101?
1
What is the ten thousands digit of 10096?
1
What is the hundreds digit of 4910?
9
What is the tens digit of 1787?
8
What is the units digit of 66186?
6
What is the thousands digit of 9781?
9
What is the units digit of 495?
5
What is the tens digit of 77971?
7
What is the thousands digit of 25853?
5
What is the units digit of 430?
0
What is the tens digit of 742?
4
What is the hundreds digit of 1214?
2
What is the units digit of 393?
3
What is the tens digit of 1010?
1
What is the tens digit of 476?
7
What is the thousands digit of 3105?
3
What is the units digit of 429?
9
What is the tens digit of 82406?
0
What is the units digit of 54969?
9
What is the hundreds digit of 6336?
3
What is the thousands digit of 12307?
2
What is the units digit of 628?
8
What is the units digit of 863?
3
What is the hundreds digit of 1707?
7
What is the units digit of 31460?
0
What is the hundreds digit of 293?
2
What is the ten thousands digit of 145288?
4
What is the hundreds digit of 523?
5
What is the tens digit of 28030?
3
What is the hundreds digit of 6000?
0
What is the hundreds digit of 322?
3
What is the hundreds digit of 12827?
8
What is the thousands digit of 1337?
1
What is the units digit of 7960?
0
What is the thousands digit of 33113?
3
What is the tens digit of 76507?
0
What is the hundreds digit of 13974?
9
What is the tens digit of 3243?
4
What is the units digit of 1735?
5
What is the tens digit of 37505?
0
What is the hundreds digit of 3925?
9
What is the units digit of 96215?
5
What is the ten thousands digit of 19067?
1
What is the tens digit of 22464?
6
What is the units digit of 28194?
4
What is the hundreds digit of 5047?
0
What is the thousands digit of 2721?
2
What is the units digit of 9613?
3
What is the thousands digit of 2567?
2
What is the thousands digit of 143146?
3
What is the tens digit of 2822?
2
What is the hundreds digit of 1207?
2
What is the units digit of 4?
4
What is the hundreds digit of 3747?
7
What is the units digit of 1682?
2
What is the units digit of 2133?
3
What is the thousands digit of 11505?
1
What is the units digit of 7089?
9
What is the tens digit of 3915?
1
What is the ten thousands digit of 88593?
8
What is the hundreds digit of 3231?
2
What is the thousands digit of 18630?
8
What is the tens digit of 125?
2
What is the hundreds digit of 995?
9
What is the units digit of 1771?
1
What is the hundreds digit of 5298?
2
What is the hundreds digit of 1007?
0
What is the units digit of 91178?
8
What is the hundreds digit of 200?
2
What is the units digit of 9324?
4
What is the hundreds digit of 18761?
7
What is the units digit of 153?
3
What is the units digit of 24602?
2
What is the thousands digit of 4027?
4
What is the units digit of 15260?
0
What is the hundreds digit of 3176?
1
What is the ten thousands digit of 20986?
2
What is the tens digit of 426?
2
What is the thousands digit of 1577?
1
What is the tens digit of 13744?
4
What is the ten thousands digit of 12337?
1
What is the thousands digit of 127718?
7
What is the ten thousands digit of 84344?
8
What is the hundreds digit of 332?
3
What is the tens digit of 271?
7
What is the hundreds digit of 36136?
1
What is the units digit of 3060?
0
What is the tens digit of 437?
3
What is the thousands digit of 13540?
3
What is the hundreds digit of 3265?
2
What is the thousands digit of 17055?
7
What is the units digit of 1070?
0
What is the thousands digit of 21561?
1
What is the tens digit of 2919?
1
What is the tens digit of 3170?
7
What is the tens digit of 1638?
3
What is the tens digit of 1567?
6
What is the units digit of 4509?
9
What is the thousands digit of 57766?
7
What is the ten thousa